{"id":251,"date":"2019-03-26T00:29:14","date_gmt":"2019-03-25T23:29:14","guid":{"rendered":"http:\/\/www.kmmeat.webd.pro\/?page_id=251"},"modified":"2023-02-28T11:21:39","modified_gmt":"2023-02-28T10:21:39","slug":"o-firmie","status":"publish","type":"page","link":"http:\/\/www.kmmeat.com\/index.php\/o-firmie\/","title":{"rendered":"O firmie"},"content":{"rendered":"\t\t<div data-elementor-type=\"wp-post\" data-elementor-id=\"251\" class=\"elementor elementor-251\">\n\t\t\t\t\t\t\t\t\t<section class=\"elementor-section elementor-top-section elementor-element elementor-element-8bcfa37 elementor-section-boxed elementor-section-height-default elementor-section-height-default\" data-id=\"8bcfa37\" data-element_type=\"section\">\n\t\t\t\t\t\t<div class=\"elementor-container elementor-column-gap-default\">\n\t\t\t\t\t<div class=\"elementor-column elementor-col-100 elementor-top-column elementor-element elementor-element-db2143a\" data-id=\"db2143a\" data-element_type=\"column\">\n\t\t\t<div class=\"elementor-widget-wrap elementor-element-populated\">\n\t\t\t\t\t\t\t\t<div class=\"elementor-element elementor-element-cb7c973 elementor-widget elementor-widget-heading\" data-id=\"cb7c973\" data-element_type=\"widget\" data-widget_type=\"heading.default\">\n\t\t\t\t<div class=\"elementor-widget-container\">\n\t\t\t<style>\/*! elementor - v3.11.2 - 22-02-2023 *\/\n.elementor-heading-title{padding:0;margin:0;line-height:1}.elementor-widget-heading .elementor-heading-title[class*=elementor-size-]>a{color:inherit;font-size:inherit;line-height:inherit}.elementor-widget-heading .elementor-heading-title.elementor-size-small{font-size:15px}.elementor-widget-heading .elementor-heading-title.elementor-size-medium{font-size:19px}.elementor-widget-heading .elementor-heading-title.elementor-size-large{font-size:29px}.elementor-widget-heading .elementor-heading-title.elementor-size-xl{font-size:39px}.elementor-widget-heading .elementor-heading-title.elementor-size-xxl{font-size:59px}<\/style><h2 class=\"elementor-heading-title elementor-size-default\">O firmie<\/h2>\t\t<\/div>\n\t\t\t\t<\/div>\n\t\t\t\t<div class=\"elementor-element elementor-element-070ed17 elementor-widget elementor-widget-spacer\" data-id=\"070ed17\" data-element_type=\"widget\" data-widget_type=\"spacer.default\">\n\t\t\t\t<div class=\"elementor-widget-container\">\n\t\t\t<style>\/*! elementor - v3.11.2 - 22-02-2023 *\/\n.elementor-column .elementor-spacer-inner{height:var(--spacer-size)}.e-con{--container-widget-width:100%}.e-con-inner>.elementor-widget-spacer,.e-con>.elementor-widget-spacer{width:var(--container-widget-width,var(--spacer-size));--align-self:var(--container-widget-align-self,initial);--flex-shrink:0}.e-con-inner>.elementor-widget-spacer>.elementor-widget-container,.e-con-inner>.elementor-widget-spacer>.elementor-widget-container>.elementor-spacer,.e-con>.elementor-widget-spacer>.elementor-widget-container,.e-con>.elementor-widget-spacer>.elementor-widget-container>.elementor-spacer{height:100%}.e-con-inner>.elementor-widget-spacer>.elementor-widget-container>.elementor-spacer>.elementor-spacer-inner,.e-con>.elementor-widget-spacer>.elementor-widget-container>.elementor-spacer>.elementor-spacer-inner{height:var(--container-widget-height,var(--spacer-size))}<\/style>\t\t<div class=\"elementor-spacer\">\n\t\t\t<div class=\"elementor-spacer-inner\"><\/div>\n\t\t<\/div>\n\t\t\t\t<\/div>\n\t\t\t\t<\/div>\n\t\t\t\t\t<\/div>\n\t\t<\/div>\n\t\t\t\t\t\t\t<\/div>\n\t\t<\/section>\n\t\t\t\t<section class=\"elementor-section elementor-top-section elementor-element elementor-element-66048aa elementor-section-boxed elementor-section-height-default elementor-section-height-default\" data-id=\"66048aa\" data-element_type=\"section\">\n\t\t\t\t\t\t<div class=\"elementor-container elementor-column-gap-default\">\n\t\t\t\t\t<div class=\"elementor-column elementor-col-50 elementor-top-column elementor-element elementor-element-e041e09\" data-id=\"e041e09\" data-element_type=\"column\">\n\t\t\t<div class=\"elementor-widget-wrap elementor-element-populated\">\n\t\t\t\t\t\t\t\t<div class=\"elementor-element elementor-element-9a482e5 elementor-widget elementor-widget-text-editor\" data-id=\"9a482e5\" data-element_type=\"widget\" data-widget_type=\"text-editor.default\">\n\t\t\t\t<div class=\"elementor-widget-container\">\n\t\t\t<style>\/*! elementor - v3.11.2 - 22-02-2023 *\/\n.elementor-widget-text-editor.elementor-drop-cap-view-stacked .elementor-drop-cap{background-color:#818a91;color:#fff}.elementor-widget-text-editor.elementor-drop-cap-view-framed .elementor-drop-cap{color:#818a91;border:3px solid;background-color:transparent}.elementor-widget-text-editor:not(.elementor-drop-cap-view-default) .elementor-drop-cap{margin-top:8px}.elementor-widget-text-editor:not(.elementor-drop-cap-view-default) .elementor-drop-cap-letter{width:1em;height:1em}.elementor-widget-text-editor .elementor-drop-cap{float:left;text-align:center;line-height:1;font-size:50px}.elementor-widget-text-editor .elementor-drop-cap-letter{display:inline-block}<\/style>\t\t\t\t<p><b>K&amp;M <\/b><b>Meat<\/b><b> Sp. z o.o.<\/b><span style=\"font-weight: 400;\"> to jedyna firma w Polsce zapewniaj\u0105ca kompleksowe wsparcie dla producent\u00f3w mi\u0119sa. Pomagamy optymalizowa\u0107 procesy produkcyjne. Zapewniamy wsparcie przejmuj\u0105c zadania, funkcje, a nawet ca\u0142e procesy zwi\u0105zane z obr\u00f3bk\u0105, pakowaniem i konfekcjonowaniem produkcji mi\u0119snej. Dzi\u0119ki nam b\u0119dziesz w stanie zrealizowa\u0107 nawet najwi\u0119ksze zlecenia w okresach wzmo\u017conej ilo\u015bci zam\u00f3wie\u0144.<\/span><\/p><p><span style=\"font-weight: 400;\">Je\u017celi:<\/span><\/p><ul><li style=\"font-weight: 400;\"><span style=\"font-weight: 400;\">masz braki kadrowe,<\/span><\/li><li style=\"font-weight: 400;\"><span style=\"font-weight: 400;\">nie jeste\u015b w stanie zrealizowa\u0107 wszystkich zam\u00f3wie\u0144,<\/span><\/li><li style=\"font-weight: 400;\"><span style=\"font-weight: 400;\">szukasz oszcz\u0119dno\u015bci w produkcji,<\/span><\/li><\/ul><p><span style=\"font-weight: 400;\">&#8230;odezwij si\u0119 do nas \u2014 pomo\u017cemy Ci rozwi\u0105za\u0107 te problemy!<\/span><\/p>\t\t\t\t\t\t<\/div>\n\t\t\t\t<\/div>\n\t\t\t\t\t<\/div>\n\t\t<\/div>\n\t\t\t\t<div class=\"elementor-column elementor-col-50 elementor-top-column elementor-element elementor-element-d0181d0\" data-id=\"d0181d0\" data-element_type=\"column\">\n\t\t\t<div class=\"elementor-widget-wrap elementor-element-populated\">\n\t\t\t\t\t\t\t\t<div class=\"elementor-element elementor-element-1cc02fc elementor-widget elementor-widget-image\" data-id=\"1cc02fc\" data-element_type=\"widget\" data-widget_type=\"image.default\">\n\t\t\t\t<div class=\"elementor-widget-container\">\n\t\t\t<style>\/*! elementor - v3.11.2 - 22-02-2023 *\/\n.elementor-widget-image{text-align:center}.elementor-widget-image a{display:inline-block}.elementor-widget-image a img[src$=\".svg\"]{width:48px}.elementor-widget-image img{vertical-align:middle;display:inline-block}<\/style>\t\t\t\t\t\t\t\t\t\t\t\t<img loading=\"lazy\" decoding=\"async\" width=\"720\" height=\"479\" src=\"http:\/\/www.kmmeat.com\/wp-content\/uploads\/2023\/02\/shutterstock_125420885-720x479-1.jpg\" class=\"attachment-large size-large wp-image-387\" alt=\"\" srcset=\"http:\/\/www.kmmeat.com\/wp-content\/uploads\/2023\/02\/shutterstock_125420885-720x479-1.jpg 720w, http:\/\/www.kmmeat.com\/wp-content\/uploads\/2023\/02\/shutterstock_125420885-720x479-1-300x200.jpg 300w\" sizes=\"auto, (max-width: 720px) 100vw, 720px\" \/>\t\t\t\t\t\t\t\t\t\t\t\t\t\t\t<\/div>\n\t\t\t\t<\/div>\n\t\t\t\t\t<\/div>\n\t\t<\/div>\n\t\t\t\t\t\t\t<\/div>\n\t\t<\/section>\n\t\t\t\t\t\t\t<\/div>\n\t\t","protected":false},"excerpt":{"rendered":"<p>O firmie K&amp;M Meat Sp. z o.o. to jedyna firma w Polsce zapewniaj\u0105ca kompleksowe wsparcie dla producent\u00f3w mi\u0119sa. Pomagamy optymalizowa\u0107 procesy produkcyjne. Zapewniamy wsparcie przejmuj\u0105c zadania, funkcje, a nawet ca\u0142e procesy zwi\u0105zane z obr\u00f3bk\u0105, pakowaniem i konfekcjonowaniem produkcji mi\u0119snej. Dzi\u0119ki nam b\u0119dziesz w stanie zrealizowa\u0107 nawet najwi\u0119ksze zlecenia w okresach wzmo\u017conej ilo\u015bci zam\u00f3wie\u0144. Je\u017celi: masz [&hellip;]<\/p>\n","protected":false},"author":1,"featured_media":0,"parent":0,"menu_order":0,"comment_status":"closed","ping_status":"closed","template":"elementor_header_footer","meta":{"footnotes":""},"class_list":["post-251","page","type-page","status-publish","hentry"],"_links":{"self":[{"href":"http:\/\/www.kmmeat.com\/index.php\/wp-json\/wp\/v2\/pages\/251","targetHints":{"allow":["GET"]}}],"collection":[{"href":"http:\/\/www.kmmeat.com\/index.php\/wp-json\/wp\/v2\/pages"}],"about":[{"href":"http:\/\/www.kmmeat.com\/index.php\/wp-json\/wp\/v2\/types\/page"}],"author":[{"embeddable":true,"href":"http:\/\/www.kmmeat.com\/index.php\/wp-json\/wp\/v2\/users\/1"}],"replies":[{"embeddable":true,"href":"http:\/\/www.kmmeat.com\/index.php\/wp-json\/wp\/v2\/comments?post=251"}],"version-history":[{"count":7,"href":"http:\/\/www.kmmeat.com\/index.php\/wp-json\/wp\/v2\/pages\/251\/revisions"}],"predecessor-version":[{"id":394,"href":"http:\/\/www.kmmeat.com\/index.php\/wp-json\/wp\/v2\/pages\/251\/revisions\/394"}],"wp:attachment":[{"href":"http:\/\/www.kmmeat.com\/index.php\/wp-json\/wp\/v2\/media?parent=251"}],"curies":[{"name":"wp","href":"https:\/\/api.w.org\/{rel}","templated":true}]}}